 - 11 = x, 19 = 4*m + x. Suppose 5*z + 0*g - g = 49, z = m*g + 6. What is the highest common divisor of 80 and z?
10
Let z be (-72)/14*((-2)/4 - 3). Calculate the highest common factor of 6 and z.
6
Let u be (8 - (2 + 1))/1. Let h be 4*u/6*3. What is the highest common divisor of 110 and h?
10
Suppose 56 = 4*x + 8. Let s(m) = -m**3 - 5*m**2 + 7*m - 8. Let w be s(-6). Let z be (-348)/(-42) - (-4)/w. Calculate the greatest common divisor of z and x.
4
Let g be (1 + 16)/(1 - 7/14). Calculate the highest common divisor of 374 and g.
34
Let c be 952/10 + 17/(-85). What is the greatest common factor of c and 38?
19
Let p = 88 + -136. Let a = p - -152. What is the highest common divisor of 26 and a?
26
Let u(l) = l**3 - 11*l**2 + l - 14. Let n be u(11). Let v be (-5)/15*n*2. What is the greatest common factor of 14 and v?
2
Let j(i) = 8*i**3 + i**2 - i. Suppose 1 - 3 = -2*m. Let c be j(m). Calculate the greatest common factor of 64 and c.
8
Let n(m) = m**2 - 7*m + 10. Let u be n(7). Suppose r = u + 2. Let f be -5 - -1 - 136/(-1). What is the greatest common factor of f and r?
12
Let w(b) = 11*b**2 + 8*b - 11. Let x be w(5). Calculate the highest common divisor of 38 and x.
38
Let q be 2 - (-1 + 2)/1. Suppose -h + 0*x = -4*x - 8, 7 = -4*h + 3*x. Let r = 6 + h. What is the greatest common factor of q and r?
1
Suppose 0 = f + 1, -5*o - 3*f + 27 = 0. Suppose -o = -0*t - 3*t. Suppose -5*a + t = -8. What is the greatest common factor of a and 3?
1
Let x(w) = -8*w - 32. Let l be x(-6). Calculate the greatest common factor of 16 and l.
16
Suppose 0 = 5*v - 5 + 15. Let w = v + 6. Let r be ((-27)/w)/(5/(-20)). Calculate the greatest common factor of r and 18.
9
Let i(w) = -w**3 - 7*w**2 - 6*w + 2. Let c be i(-6). Let b(u) = 12*u - 2 - 3*u - 5*u. Let j be b(c). Calculate the highest common divisor of 6 and j.
6
Suppose k + 2*k + 3*c = 51, -4*k + 60 = -4*c. Let o(q) = 3*q**2 + 4*q + 12. Let a be o(6). What is the highest common factor of a and k?
16
Let z(r) = r + 18. Let b be z(-7). Suppose -4*i = 178 - 486. What is the greatest common divisor of b and i?
11
Suppose -8 - 2 = -5*i. Suppose 2*p + 4*a - 36 = 0, -3*a + 33 = 4*p - i*p. Let j = 65 + 31. Calculate the highest common divisor of j and p.
12
Suppose 0 = -6*w + 3*w + 84. What is the greatest common factor of 7 and w?
7
Let y = -16 - -30. Calculate the highest common factor of 70 and y.
14
Let g be 4 - (-4 - -3 - -3). Suppose 7 = g*t - 13. Calculate the highest common factor of t and 40.
10
Suppose 3*x - 384 = -5*x. What is the greatest common factor of x and 16?
16
Suppose 0 = -3*s + 5 - 2. Let x(f) = 21*f**3 - f**2. Let m be x(s). Let q be m*3 + -1 + 1. What is the greatest common divisor of 24 and q?
12
Suppose -10 = -5*a + 65. Suppose 2*o = 5 + a. Calculate the greatest common divisor of o and 4.
2
Let a(l) = -l + 6. Let m be a(-5). Suppose -7*n + 74 = -3. What is the highest common divisor of n and m?
11
Let f = -33 + 53. Let q = 30 - f. Calculate the highest common factor of q and 40.
10
Suppose -3*r + r = -22. Let b = -85 - -2. Let v = b - -116. What is the greatest common divisor of r and v?
11
Suppose 0*l = -2*l + 4. Let i be -3 - (l - (-6)/(-2)). Let t be (143/2)/((-1)/i). Calculate the highest common factor of 13 and t.
13
Let h = 21 + 0. Let s = -1 + -1. Let w be (34 + -1)*(5 - s). What is the greatest common divisor of w and h?
21
Let a(p) = -3*p**3 + 8 - 2*p + 13*p + 2*p**3 + 9*p**2. Let f be a(10). What is the highest common factor of f and 2?
2
Let r be (-10)/(-12) + (-6)/(-36). What is the highest common factor of r and 3?
1
Let m = 48 + -47. What is the highest common factor of 11 and m?
1
Let u = 3 - 0. Suppose -4*z - 24 = -2*p, p = -u*z + 5 - 13. Suppose 0 = -3*n + 2 + p. Calculate the greatest common factor of n and 5.
1
Let d = -445 - -704. What is the highest common factor of d and 37?
37
Suppose 3*w - 5 = -4*r + 8, 5*r = w - 36. Calculate the greatest common factor of 99 and w.
11
Let m(x) = -4*x**3 - 3*x**2 - x + 2. Let z be m(-2). Suppose 5*v - 64 + z = 0. Suppose -3 + 6 = 3*l. What is the greatest common factor of v and l?
1
Suppose 5*v + 3*l - 312 = 0, v + 4*l - 48 = 7*l. What is the greatest common factor of v and 40?
20
Let x(p) = p + 13. Let d be x(-8). What is the greatest common divisor of 35 and d?
5
Let i(r) = r**2 - 2*r - 3. Let h be i(3). Suppose 2*c - c - 3 = h. Suppose -22 = -c*x + x - s, -x - 11 = -5*s. What is the highest common factor of x and 9?
9
Let i(l) = l**3 - 3*l**2 - 4*l + 3. Let p = 5 - 1. Let v be i(p). Calculate the highest common divisor of 21 and v.
3
Suppose 0*a + 3*a = 9. Suppose -a*z - 2 = 7. Let f(x) = -5*x**3 - x**2 + 2*x - 1. Let h be f(z). What is the greatest common factor of 17 and h?
17
Let k be 2/12 + 3949/66. Calculate the greatest common factor of 75 and k.
15
Let n(j) = j**3 - 7*j**2 - j + 10. Let i be n(7). Suppose -2*o - o + 99 = -2*u, 0 = 3*o + 2*u - 99. What is the highest common divisor of i and o?
3
Let h be 1 + (11 - -2) + 1. Let o(i) = 3*i + 1 - 2*i + 0*i - 6. Let r be o(11). Calculate the greatest common divisor of h and r.
3
Let b(p) = -2*p + 2. Let f be b(-2). Suppose -60 = -11*w - 16. Calculate the greatest common divisor of f and w.
2
Let y be (8/(-10))/((-12)/150). Suppose 5*w + 7*n - 2*n - 10 = 0, 2*n = -4*w + y. Let g be (-4)/(w*4/(-42)). What is the greatest common divisor of g and 154?
14
Suppose -5*n + 51 = -444. Let h = 3 + 6. Calculate the greatest common factor of h and n.
9
Let s(g) be the second derivative of -g**4/12 + g**3 + g**2 - 3*g. Let d be s(4). What is the greatest common factor of d and 90?
10
Let s(r) = -26*r - 2. Let d be s(-1). Calculate the highest common divisor of d and 3.
3
Let g be 606/12 - 2/4. Let k = 75 + -13. Suppose -2*c + 2*d - d + 38 = 0, -3*c - d + k = 0. What is the highest common divisor of c and g?
10
Let l be (24/(-14))/(2/(-7)). Suppose -2*g = -j - 95, 99 = 3*g - g + 3*j. What is the greatest common factor of l and g?
6
Let k(f) = -3*f - 3. Let q be k(-5). Let p be (-4)/14 + (-23)/(-7). Suppose -p*v - v + q = 0. Calculate the highest common divisor of 3 and v.
3
Suppose 0 = -3*n + 5*v + 59, -14 = -n - 5*v - 1. What is the highest common divisor of 90 and n?
18
Let n be 4/(-14) + (-58)/(-7). What is the highest common divisor of 24 and n?
8
Suppose -3*t = -46 - 8. Calculate the highest common divisor of t and 12.
6
Let k be 35/5 + -3 - (-59)/1. Let c = 14 + -7. What is the highest common factor of c and k?
7
Suppose 5*u - 75 = -20. Let c be 2 - (-7)/(-2)*(-13 - -1). Calculate the highest common factor of u and c.
11
Suppose -w - 2*w - 99 = 0. Suppose s + 78 = -5*s. Let o = s - w. Calculate the highest common factor of 4 and o.
4
Let s = 197 + -8. What is the highest common factor of 21 and s?
21
Let s(q) be the first derivative of -q**2/2 + 11*q + 7. Let z be 36/8 - 1/(-2). Let d be s(z). Calculate the greatest common factor of 9 and d.
3
Let x be (-190)/(-1) - (2 - 7). Calculate the highest common factor of x and 78.
39
Suppose -h = -6*h - 90. Let z be (-61)/(-9) - 4/h. Suppose -z*s = -3*s - 56. Calculate the greatest common factor of s and 70.
14
Let k be (5 - 27/6)/((-2)/(-208)). Calculate the greatest common divisor of k and 4.
4
Let p = 2 + 58. Suppose -k - 3*k = -p. Let b(r) = -37*r + 1. Let c be b(-2). What is the highest common divisor of k and c?
15
Let s be (2/1)/(2/36). Let r = 25 + -1. What is the highest common factor of s and r?
12
Let d(c) = c**3 + 6*c**2 + 5*c + 2. Let o be d(-5). Suppose 3*b = 5*k + 361, 3*b = 3*k - o*k + 341. Calculate the greatest common factor of 14 and b.
14
Suppose 4*x - 676 = x - 2*n, -3*x + 2*n = -668. Calculate the greatest common factor of 32 and x.
32
Suppose 2*t + 5*i + 6 = 55, -3*t - i = -41. Suppose -u = 2*u - 2*m - 32, 3*u - 40 = -2*m. What is the greatest common divisor of u and t?
12
Suppose -w + 23 + 31 = 0. Calculate the highest common divisor of 9 and w.
9
Let o = 87 - 34. Let p = 92 - o. What is the greatest common factor of 26 and p?
13
Suppose 2*y = -4*j + 16, 3*j = 4*y + 2*j - 14. Suppose m = 5*z - 2, 3*m - 23 = y*z + 4. Let c = 30 - 4. Calculate the highest common factor of m and c.
13
Let h = 34 + -23. What is the highest common factor of h and 143?
11
Let l(f) = f**2 - f + 14. Let w be l(0). Let u be w + (-2)/(2/(-3)). Wh